3, 743
What are the prime factors of 11923008?
2, 3, 62099
What are the prime factors of 152889793?
7, 21841399
List the prime factors of 570112036.
2, 13, 843361
List the prime factors of 3519761826.
2, 3, 7, 37, 323567
List the prime factors of 464718699.
3, 51635411
What are the prime factors of 108615201?
3, 36205067
What are the prime factors of 6876762?
2, 3, 233, 4919
List the prime factors of 14264729.
14264729
What are the prime factors of 40583386?
2, 17, 59, 20231
List the prime factors of 92808118.
2, 13, 281, 12703
What are the prime factors of 2018912900?
2, 5, 353, 57193
List the prime factors of 10258012.
2, 137, 18719
List the prime factors of 1192469354.
2, 15031, 39667
List the prime factors of 2609152331.
3463, 753437
List the prime factors of 60893694.
2, 3, 17, 22111
What are the prime factors of 1272926186?
2, 7, 199, 456901
What are the prime factors of 96518776?
2, 173, 69739
List the prime factors of 47626951.
23, 2070737
What are the prime factors of 2005102888?
2, 250637861
List the prime factors of 793551900.
2, 3, 5, 1451, 1823
List the prime factors of 51264961.
11, 619, 7529
List the prime factors of 4220997.
3, 11, 37, 3457
List the prime factors of 4226122228.
2, 431, 2451347
List the prime factors of 80705771.
71, 337, 3373
List the prime factors of 173769978.
2, 3, 137, 179, 1181
What are the prime factors of 966075765?
3, 5, 2389, 26959
What are the prime factors of 55333198?
2, 17, 1249, 1303
List the prime factors of 607447951.
11, 5020231
What are the prime factors of 808362609?
3, 137, 1966819
What are the prime factors of 16440429?
3, 5480143
List the prime factors of 98549298.
2, 3, 109, 5581
What are the prime factors of 2677866009?
3, 7, 13, 37, 20393
List the prime factors of 129339113.
7019, 18427
What are the prime factors of 6366213641?
4219, 1508939
What are the prime factors of 660136897?
7, 1933, 48787
List the prime factors of 324848151.
3, 4010471
What are the prime factors of 1702697097?
3, 29, 167, 117193
List the prime factors of 3700725437.
19, 73, 389
List the prime factors of 154506812.
2, 17, 1013, 2243
What are the prime factors of 39108697?
39108697
List the prime factors of 1156336940.
2, 5, 11, 17, 41, 7541
List the prime factors of 65781460.
2, 5, 59, 107, 521
List the prime factors of 926278262.
2, 7, 13, 727063
What are the prime factors of 855011782?
2, 181, 2361911
List the prime factors of 79511210.
2, 5, 17, 467713
List the prime factors of 114654778.
2, 7, 19, 41, 10513
What are the prime factors of 1156573633?
41, 127, 389, 571
What are the prime factors of 332265513?
3, 37, 47, 63689
List the prime factors of 76079192.
2, 7, 19, 71503
What are the prime factors of 84283417?
84283417
What are the prime factors of 43108442?
2, 13, 29, 57173
What are the prime factors of 2035775043?
3, 883, 256169
What are the prime factors of 201678444?
2, 3, 11, 23, 61
List the prime factors of 442954535.
5, 88590907
What are the prime factors of 833702650?
2, 5, 11, 1515823
List the prime factors of 3958989944.
2, 7, 13, 418321
What are the prime factors of 503239605?
3, 5, 11, 19, 14593
What are the prime factors of 116883429?
3, 13, 2997011
List the prime factors of 3368349749.
157, 191, 112327
List the prime factors of 124944610.
2, 5, 7, 73, 499
What are the prime factors of 17617603?
2143, 8221
List the prime factors of 155513073.
3, 1103, 46997
List the prime factors of 91580391.
3, 7, 1453657
What are the prime factors of 158814017?
17, 59, 191, 829
What are the prime factors of 1681445765?
5, 881, 381713
List the prime factors of 1167902741.
79, 14783579
List the prime factors of 41380045.
5, 7, 1182287
What are the prime factors of 2591468305?
5, 23, 22534507
List the prime factors of 1951135511.
13, 41, 3660667
List the prime factors of 3329006.
2, 1223, 1361
What are the prime factors of 872138253?
3, 7, 41530393
List the prime factors of 638930338.
2, 1153, 277073
What are the prime factors of 38838868?
2, 257, 37781
List the prime factors of 46219172.
2, 19, 608147
List the prime factors of 130914481.
449, 291569
What are the prime factors of 726125413?
13, 19, 97, 30307
List the prime factors of 8803734.
2, 3, 43, 34123
What are the prime factors of 455103002?
2, 31, 1583, 4637
List the prime factors of 124268999.
241, 515639
List the prime factors of 2900208144.
2, 3, 41, 163, 9041
List the prime factors of 241116915.
3, 5, 13, 31, 39887
What are the prime factors of 32501971?
41, 792731
What are the prime factors of 630873301?
149, 4234049
List the prime factors of 91456160.
2, 5, 571601
List the prime factors of 143765485.
5, 2347, 12251
What are the prime factors of 440121561?
3, 11, 79, 2137
List the prime factors of 55121926.
2, 19, 1450577
List the prime factors of 9777769.
9777769
What are the prime factors of 331300813?
31, 109, 98047
What are the prime factors of 158228177?
5189, 30493
List the prime factors of 616645761.
3, 83, 2476489
List the prime factors of 795200489.
795200489
List the prime factors of 61070556.
2, 3, 5089213
What are the prime factors of 264308751?
3, 7, 466153
What are the prime factors of 434956526?
2, 17, 12792839
List the prime factors of 7584568804.
2, 1896142201
List the prime factors of 1546043090.
2, 5, 67, 2307527
What are the prime factors of 3184512641?
17, 2837, 66029
List the prime factors of 3135037320.
2, 3, 5, 17, 30133
List the prime factors of 243427639.
7, 13, 19, 20113
What are the prime factors of 6178729978?
2, 3089364989
What are the prime factors of 96690163?
96690163
List the prime factors of 109073386.
2, 173, 239, 1319
What are the prime factors of 4485015605?
5, 7, 128143303
List the prime factors of 4238999785.
5, 1483, 571679
List the prime factors of 102330316.
2, 11, 2325689
What are the prime factors of 37806411?
3, 23, 179, 3061
What are the prime factors of 1034832101?
4219, 245279
List the prime factors of 841810484.
2, 43, 359, 13633
List the prime factors of 262369682.
2, 131, 1001411
What are the prime factors of 200389475?
5, 11, 13, 56053
List the prime factors of 290928941.
59, 67, 73597
What are the prime factors of 138466680?
2, 3, 5, 11, 19, 5521
List the prime factors of 59350735.
5, 11870147
What are the prime factors of 1823896362?
2, 3, 29, 10482163
What are the prime factors of 3970615077?
3, 11, 13, 37, 83383
What are the prime factors of 7750613779?
19, 407927041
List the prime factors of 575522297.
7, 11745353
What are the prime factors of 3941818085?
5, 23, 34276679
List the prime factors of 85289382.
2, 3, 23, 43, 1597
List the prime factors of 223210966.
2, 11, 691, 14683
What are the prime factors of 510923987?
7, 331, 220511
What are the prime factors of 222240715?
5, 137, 324439
What are the prime factors of 1099700161?
7, 157100023
What are the prime factors of 74924763?
3, 17, 113, 13001
What are the prime factors of 30166017?
3, 7, 205211
List the prime factors of 2354805236.
2, 7, 5101, 16487
What are the prime factors of 714156975?
3, 5, 7, 173, 2621
List the prime factors of 12067572.
2, 3, 11, 8311
List the prime factors of 3580550389.
13, 275426953
List the prime factors of 2234223797.
13, 83, 2070643
What are the prime factors of 79019412?
2, 3, 6584951
What are the prime factors of 126302759?
11, 11482069
List the prime factors of 304072863.
3, 17, 491, 12143
List the prime factors of 215682988.
2, 53920747
List the prime factors of 233357278.
2, 7, 11, 19, 173, 461
What are the prime factors of 1667743136?
2, 29, 241, 7457
What are the prime factors of 149395724?
2, 2819, 13249
What are the prime factors of 2334058253?
3359, 694867
What are the prime factors of 38478007?
47, 61, 13421
List the prime factors of 360697713.
3, 120232571
List the prime factors of 69350606.
2, 13, 53, 59, 853
List the prime factors of 6642532578.
2, 3, 11, 100644433
What are the prime factors of 1815230673?
3, 201692297
What are the prime factors of 230453905?
5, 11, 23, 182177
List the prime factors of 118082383.
353, 334511
What are the prime factors of 268791407?
8963, 29989
List the prime factors of 49868456.
2, 11, 51517
List the prime factors of 101422929.
3, 83, 407321
List the prime factors of 1674175863.
3, 31, 18001891
List the prime factors of 236850397.
7, 199, 170029
List th